Calculate f(2).
35
Let u(z) = -5*z**3 + 54*z**2 + 54*z + 19. What is u(-7)?
4002
Let c(n) = -13*n**2 + 768*n - 1424. What is c(58)?
-612
Let t(l) = -102*l**2 + 2927*l + 2927. Give t(-1).
-102
Let f(n) = -3224*n - 396695. What is f(-123)?
-143
Let u(y) = 51*y**2 + 20313*y + 5981. Determine u(-398).
11
Let s(b) = b**3 - 53*b**2 - 890*b + 42859. Calculate s(55).
-41
Let w(s) = 83*s**2 - 3763*s + 4. Calculate w(45).
-1256
Let l(q) = q**3 - 257*q**2 + 788*q - 6723. What is l(254)?
-119
Let q(x) = -1124*x - 213410. Give q(-190).
150
Let l(r) = 6*r**2 + 876*r - 6394. Determine l(-153).
32
Let b(k) = -2*k**3 + 23*k**2 + 52*k - 453. What is b(12)?
27
Let w(g) = -g**3 + 65*g**2 + 198*g + 289. Give w(68).
-119
Let p(l) = -3*l**2 + 1501*l + 1371059. Calculate p(971).
7
Let o(s) = -80857*s - 4447134. Give o(-55).
1
Let h(r) = 279*r**2 + 2117*r + 2114. Give h(-1).
276
Let c(g) = g**2 - g - 815. Give c(31).
115
Let p(r) = 229*r**2 - 9387*r - 59. Give p(41).
23
Let h(m) = -8708*m + 8799. Give h(1).
91
Let q(g) = -g**3 - 128*g**2 - 776*g + 8613. What is q(-121)?
22
Let u(k) = 4*k**3 - 78*k**2 + 421*k + 22. Give u(13).
1101
Let p(h) = 60311*h + 542802. What is p(-9)?
3
Let h(j) = 1147*j - 270717. Calculate h(236).
-25
Let z(d) = 85*d**2 - 49*d + 94. Calculate z(2).
336
Let v(x) = -126*x**2 - 625*x - 12. Give v(-5).
-37
Let u(y) = y**3 - 21*y**2 - 64*y + 1292. What is u(19)?
-646
Let k(r) = r**2 + 16*r - 750. Give k(0).
-750
Let w(o) = 544*o + 230728. Calculate w(-425).
-472
Let u(t) = -67495*t + 405002. What is u(6)?
32
Let j(i) = i**2 + 1008*i + 53319. Determine j(-56).
7
Let c(v) = 72*v**2 - 136*v + 619. Give c(5).
1739
Let k(f) = -10*f**3 + 1741*f**2 - 180*f + 1125. What is k(174)?
81
Let t(z) = 298*z - 38418. Give t(129).
24
Let p(m) = -2*m**3 - 57*m**2 - 220*m + 1472. What is p(-22)?
20
Let j(t) = -12607*t + 88174. Give j(7).
-75
Let n(g) = g**3 - 40*g**2 + 101*g - 403. What is n(38)?
547
Let t(r) = -35*r**2 + 51*r + 201. Give t(-3).
-267
Let w(m) = -513219*m - 3592539. Determine w(-7).
-6
Let h(t) = -t**2 + 303*t - 11094. Give h(41).
-352
Let t(i) = -3*i**3 + 217*i**2 - 2946*i - 23. Calculate t(18).
-239
Let k(v) = -2*v**3 + 34*v**2 - 154*v + 39. Determine k(10).
-101
Let c(s) = 3709*s + 281910. Give c(-76).
26
Let n(f) = 240*f - 8308. Give n(35).
92
Let c(z) = -101*z - 151. Determine c(-2).
51
Let p(i) = 514*i**2 - 2040*i - 71. What is p(4)?
-7
Let n(m) = m**3 + 2*m**2 - 3*m - 22. Calculate n(4).
62
Let z(p) = 422*p**2 - 40078*p - 1144. What is z(95)?
-4
Let j(k) = 566*k + 29420. Calculate j(-53).
-578
Let b(w) = 29*w**2 - 1112*w + 345. Give b(38).
-35
Let y(u) = -u**3 - 189*u**2 - 2932*u - 1352. Determine y(-172).
24
Let o(m) = 6*m**3 - 188*m**2 + 46*m - 139. Calculate o(31).
-635
Let v(a) = -2073*a - 599140. What is v(-289)?
-43
Let b(k) = 42*k - 777. Determine b(31).
525
Let d(r) = r**2 - 75446*r + 3619112. Calculate d(48).
8
Let j(m) = -4*m**3 - 392*m**2 + 4*m - 45. Calculate j(-98).
-437
Let c(f) = 3*f**3 + 993*f**2 + 1031*f + 13541. Give c(-330).
11
Let n(r) = 20387*r + 713550. What is n(-35)?
5
Let k(c) = -2*c**2 + 557*c - 37230. Calculate k(167).
11
Let g(p) = 26*p**2 - 2323*p + 895. Give g(89).
94
Let h(v) = -2*v**2 - 1393*v + 82696. Calculate h(55).
31
Let b(z) = -10417*z - 3437605. Determine b(-330).
5
Let w(x) = -702*x + 192833. Give w(275).
-217
Let i(k) = -k**2 + 79*k + 22264. Determine i(-115).
-46
Let m(d) = -641*d + 3596. Give m(6).
-250
Let c(i) = -1617*i + 757183. Give c(468).
427
Let k(p) = -p**2 - 821*p + 177832. Calculate k(178).
10
Let k(f) = f**3 - 357*f**2 - 710*f - 2937. What is k(359)?
-65
Let a(r) = 621*r**2 - 45334*r + 71. Determine a(73).
-2
Let m(b) = 47400*b + 853198. Calculate m(-18).
-2
Let n(o) = o**3 - 8*o**2 - 299*o - 89. Calculate n(-13).
249
Let v(t) = 379204*t - 379205. Give v(1).
-1
Let g(d) = d**3 - 338*d**2 - 2085*d + 7218. Calculate g(344).
-6
Let g(h) = 1007*h - 104759. What is g(104)?
-31
Let o(y) = 89*y**2 + 99*y - 201. Determine o(2).
353
Let p(w) = 6*w**3 + 25*w**2 - 234*w - 472. Give p(-2).
48
Let p(r) = 939*r - 6518. Calculate p(7).
55
Let h(o) = -633*o - 28848. Calculate h(-37).
-5427
Let z(c) = 55*c + 25862. Give z(-459).
617
Let w(d) = 13543*d - 94835. Give w(7).
-34
Let x(i) = -5203*i + 124889. Determine x(24).
17
Let b(o) = -10*o**3 - 1220*o**2 + o - 129. Determine b(-122).
-251
Let w(x) = -2199*x + 15269. Calculate w(6).
2075
Let x(a) = -7303*a + 21840. Calculate x(3).
-69
Let z(j) = 4026*j - 378637. What is z(94)?
-193
Let y(z) = -388*z**2 - 5040*z + 72. Calculate y(-13).
20
Let f(x) = -x**2 - 17160*x - 222707. What is f(-13)?
204
Let u(b) = 2*b**2 - 257*b + 1003. Determine u(115).
-2102
Let f(p) = -13*p**2 + 760*p + 2306. Give f(-3).
-91
Let z(b) = b**2 - 2012*b + 499370. Give z(290).
-10
Let y(h) = -131*h**2 - 528*h - 35. Calculate y(-4).
-19
Let c(j) = j**2 - 16*j - 300. Calculate c(-10).
-40
Let r(l) = -130*l - 5. Determine r(0).
-5
Let q(w) = -270755*w - 10559447. Give q(-39).
-2
Let q(f) = -10*f**3 - 222*f**2 + 174*f + 4783. Give q(-22).
-13
Let y(i) = -i**3 + 13*i**2 - 35*i - 48. Determine y(8).
-8
Let k(b) = -24613*b + 295241. Determine k(12).
-115
Let q(w) = -1133*w - 70218. Give q(-62).
28
Let o(z) = -10237*z + 40819. What is o(4)?
-129
Let t(n) = n**3 + 11*n**2 - 293*n - 9. What is t(10)?
-839
Let a(j) = 54115*j - 270844. Determine a(5).
-269
Let w(y) = y**2 + 195*y + 1147. Give w(-188).
-169
Let i(n) = n**3 + 19*n**2 - 59*n - 333. What is i(-20)?
447
Let v(t) = t**3 - 16*t**2 - 44*t + 1047. Calculate v(18).
903
Let v(l) = 2*l**2 - 197*l + 6143. Calculate v(69).
2072
Let q(f) = 6*f**2 - 2639*f - 21967. What is q(448)?
-15
Let w(n) = -531*n - 11113. Determine w(-18).
-1555
Let a(m) = 4*m**3 - 84*m**2 - 1964*m + 146. Calculate a(35).
6
Let s(x) = -7*x**3 - 78*x**2 + 497*x + 4262. What is s(-6)?
-16
Let t(l) = 7*l**2 - 486*l + 6882. Determine t(50).
82
Let u(n) = -n**3 - 18*n**2 - 277*n + 646. Calculate u(2).
12
Let a(c) = 6*c**2 + 6790*c + 1278779. Give a(-893).
3
Let u(i) = -38*i**3 + 15006*i**2 + 1594*i - 5528. Determine u(395).
2
Let k(l) = -227*l**2 - 1814*l + 11. Give k(-8).
-5
Let b(s) = 604*s**3 - s**2 - 2089*s + 2091. Calculate b(1).
605
Let g(m) = -386*m - 30114. What is g(-78)?
-6
Let g(u) = 4029*u - 148844. Give g(37).
229
Let b(z) = -z**3 + 144*z**2 - 2523*z + 958. What is b(20)?
98
Let x(t) = 43*t**2 - 3872*t + 111. Calculate x(90).
-69
Let z(j) = -2*j**3 + 198*j**2 + 1487*j - 469. Determine z(106).
-151
Let u(o) = -1305*o**2 - 193144*o - 606. Calculate u(-148).
-14
Let t(h) = 2*h**3 + 1108*h**2 + 108*h + 59833. Give t(-554).
1
Let a(h) = 3*h**2 + 5078*h + 25355. Determine a(-5).
40
Let q(n) = -9638*n + 578271. Calculate q(60).
-9
Let v(x) = -2736*x - 97658. Give v(-36).
838
Let s(j) = -90*j + 4243. Calculate s(47).
13
Let z(q) = -q**3 - 29*q**2 - 61*q - 13. What is z(-7)?
-664
Let i(q) = -32*q**2 - 6821*q + 47743. Calculate i(7).
-1572
Let z(w) = 6378*w + 102255. Determine z(-16).
207
Let i(g) = 2507*g + 56095. Determine i(-23).
-1566
Let m(y) = 5*y**3 + 441*y**2 - 28910*y - 260. Determine m(-132).
4
Let z(i) = 151*i - 10337. Calculate z(70).
233
Let g(z) = 6*z**2 - 31*z + 190. What is g(18)?
1576
Let l(o) = 975*o - 7848. What is l(8)?
-48
Let q(r) = -r**3 + 307*r**2 - 11753*r + 73. Calculate q(45).
1738
Let t(s) = 16287*s - 113880. What is t(7)?
129
Let y(r) = -883*r + 19186. Determine y(19).
2409
Let p(f) = -76173*f + 4. Calculate p(0).
4
Let d(p) = -191*p - 15974. Determine d(-84).
70
Let i(b) = -2*b**2 - 382*b + 8941. What is i(-213)?
-431
Let n(i) = i**3 + 48*i**2 + 437*i - 681. Give n(-35).
-51
Let z(b) = b**3 + 82*b**2 - 1125*b + 71. Calculate z(12).
107
Let j(o) = 2*o**2 - 1541*o + 77399. Give j(54).
17
Let a(q) = 5353*q + 481760. What is a(-90)?
-10
Let u(z) = 736552*z - 13994479. Determine u(19).
9
Let x(c) = -6*c**3 + c**2 + 1857*c + 7498. Determine x(-4).
470
Let x(f) = -f**3 - 29*f**2 + 43*f - 28. Determine x(5).
-663
Let i(o) = -o**3 - 146*o**2 + 2247*o + 81670. Calculate i(-157).
30
Let b(q) = -259*q - 1601. Give b(-3).
-824
Let f(x) = 10510*x + 8. Determine f(0).
8
Let r(o) = 88*o**3 + 268*o**2 + 93*o + 281. Give r(-3).
38
Let i(g) = 15*g**2 + 1352*g + 164. Calculate i(-90).
-16
Let n(q) = -573*q + 2669. Calculate n(5).
-196
Let a(l) = -5*l**3 - 20*l**2 